{"version":"1.0","provider_name":"PhoneCam","provider_url":"https:\/\/phonecam.ai\/es\/","author_name":"phonecam","author_url":"https:\/\/phonecam.ai\/es\/author\/phonecam\/","title":"PhoneCam en el CES 2025 - PhoneCam","type":"rich","width":600,"height":338,"html":"<blockquote class=\"wp-embedded-content\" data-secret=\"VbxC6vRc5Q\"><a href=\"https:\/\/phonecam.ai\/es\/phonecam-en-el-ces-2025\/\">PhoneCam en el CES 2025<\/a><\/blockquote><iframe sandbox=\"allow-scripts\" security=\"restricted\" src=\"https:\/\/phonecam.ai\/es\/phonecam-en-el-ces-2025\/embed\/#?secret=VbxC6vRc5Q\" width=\"600\" height=\"338\" title=\"\u00abPhoneCam en el CES 2025\u00bb \u2014 PhoneCam\" data-secret=\"VbxC6vRc5Q\" frameborder=\"0\" marginwidth=\"0\" marginheight=\"0\" scrolling=\"no\" class=\"wp-embedded-content\"><\/iframe><script type=\"text\/javascript\">\n\/* <![CDATA[ *\/\n\/*! This file is auto-generated *\/\n!function(d,l){\"use strict\";l.querySelector&&d.addEventListener&&\"undefined\"!=typeof URL&&(d.wp=d.wp||{},d.wp.receiveEmbedMessage||(d.wp.receiveEmbedMessage=function(e){var t=e.data;if((t||t.secret||t.message||t.value)&&!\/[^a-zA-Z0-9]\/.test(t.secret)){for(var s,r,n,a=l.querySelectorAll('iframe[data-secret=\"'+t.secret+'\"]'),o=l.querySelectorAll('blockquote[data-secret=\"'+t.secret+'\"]'),c=new RegExp(\"^https?:$\",\"i\"),i=0;i<o.length;i++)o[i].style.display=\"none\";for(i=0;i<a.length;i++)s=a[i],e.source===s.contentWindow&&(s.removeAttribute(\"style\"),\"height\"===t.message?(1e3<(r=parseInt(t.value,10))?r=1e3:~~r<200&&(r=200),s.height=r):\"link\"===t.message&&(r=new URL(s.getAttribute(\"src\")),n=new URL(t.value),c.test(n.protocol))&&n.host===r.host&&l.activeElement===s&&(d.top.location.href=t.value))}},d.addEventListener(\"message\",d.wp.receiveEmbedMessage,!1),l.addEventListener(\"DOMContentLoaded\",function(){for(var e,t,s=l.querySelectorAll(\"iframe.wp-embedded-content\"),r=0;r<s.length;r++)(t=(e=s[r]).getAttribute(\"data-secret\"))||(t=Math.random().toString(36).substring(2,12),e.src+=\"#?secret=\"+t,e.setAttribute(\"data-secret\",t)),e.contentWindow.postMessage({message:\"ready\",secret:t},\"*\")},!1)))}(window,document);\n\/\/# sourceURL=https:\/\/phonecam.ai\/wp-includes\/js\/wp-embed.min.js\n\/* ]]> *\/\n<\/script>\n","thumbnail_url":"https:\/\/phonecam.ai\/wp-content\/uploads\/2024\/02\/CES-beursvloer.png","thumbnail_width":800,"thumbnail_height":600,"description":"[et_pb_section fb_built=\u00bb1&#8243; _builder_version=\u00bb4.20.2&#8243; _module_preset=\u00bbdefault\u00bb global_colors_info=\u00bb{}\u00bb][et_pb_row _builder_version=\u00bb4.20.2&#8243; _module_preset=\u00bbdefault\u00bb custom_margin=\u00bb|auto||14px||\u00bb global_colors_info=\u00bb{}\u00bb][et_pb_column type=\u00bb4_4&#8243; _builder_version=\u00bb4.20.2&#8243; _module_preset=\u00bbdefault\u00bb global_colors_info=\u00bb{}\u00bb][et_pb_text _builder_version=\u00bb4.20.2&#8243; _module_preset=\u00bbdefault\u00bb max_width=\u00bb800px\u00bb custom_margin=\u00bb|||0px|false|false\u00bb hover_enabled=\u00bb0&#8243; global_colors_info=\u00bb{}\u00bb sticky_enabled=\u00bb0&#8243;] PhoneCam present\u00f3 su primer producto en el CES, la feria de electr\u00f3nica de consumo m\u00e1s influyente del mundo, en enero de 2025. En el CES de Las Vegas, PhoneCam present\u00f3 su nueva c\u00e1mara corporal con [&hellip;]"}

[et_pb_section fb_built=»1&#8243; _builder_version=»4.20.2&#8243; _module_preset=»default» global_colors_info=»{}»][et_pb_row _builder_version=»4.20.2&#8243; _module_preset=»default» custom_margin=»|auto||14px||» global_colors_info=»{}»][et_pb_column type=»4_4&#8243; _builder_version=»4.20.2&#8243; _module_preset=»default» global_colors_info=»{}»][et_pb_text _builder_version=»4.20.2&#8243; _module_preset=»default» max_width=»800px» custom_margin=»|||0px|false|false» hover_enabled=»0&#8243; global_colors_info=»{}» sticky_enabled=»0&#8243;] PhoneCam presentó su primer producto en el CES, la feria de electrónica de consumo más influyente del mundo, en enero de 2025. En el CES de Las Vegas, PhoneCam presentó su nueva cámara corporal con [&hellip;]
